ime factors of u?
23
List the prime factors of -7*(-9 - 9243/63).
2, 5, 109
Let f(l) = -l - 1 + 0*l**2 + 0*l + 3 - l**2. Let s be f(-2). Suppose s = -5*i + 60 - 10. What are the prime factors of i?
2, 5
Let z be ((-5)/(-1))/(-10 + 11). Suppose -w - 40 = -z*w + 4*o, -5*w - 4*o = -14. List the prime factors of w.
2, 3
Let y(u) = 39*u**2 - u + 27. What are the prime factors of y(9)?
3, 353
Let f(k) = 225*k - 410. What are the prime factors of f(4)?
2, 5, 7
Let f(m) = m + 7. Let r be f(-5). Suppose -4*z = r*j - 8, 10 = -5*j - 0*j. Suppose 3*x = 4*n - 62, 0*x + 49 = z*n - x. What are the prime factors of n?
17
Let j = -105 - -590. What are the prime factors of j?
5, 97
Suppose -44 - 70 = -6*x. Let d = x + -16. Suppose -3*q + 2*p = -20, -q + d*p = -p + 10. List the prime factors of q.
2, 5
Let b = -314 - -827. Let l = b + -227. What are the prime factors of l?
2, 11, 13
Suppose -4*p = -5*k - 3455, -4360 = 19*p - 24*p - 2*k. What are the prime factors of p?
2, 3, 5, 29
Let u = -30 - -40. Suppose u*j + 321 = 13*j. What are the prime factors of j?
107
Let g(k) = -37*k + 44. What are the prime factors of g(-17)?
673
What are the prime factors of 6/6 - 2 - 2 - -417?
2, 3, 23
Let f = -13 - -15. Suppose -f*r + 3 + 3 = 0. Suppose -3*s + r = -63. What are the prime factors of s?
2, 11
Let p(h) = -h**3 - 9*h**2 - 6*h - 19. Let v be p(-9). What are the prime factors of (-1988)/v*(-10)/4?
2, 71
Let b(k) = k**3 - k**2 + 6. Let z be b(0). What are the prime factors of 122 + 6*3/z?
5
Let u = 32 + 221. List the prime factors of u.
11, 23
Let i = -933 - -1762. What are the prime factors of i?
829
Suppose 5*d - 3*d - 4*k + 4 = 0, 5*d + 10 = 4*k. Let l(a) = 24*a**2 - 3. Let u be l(d). Suppose -6*f - u = -9*f. What are the prime factors of f?
31
Let m(o) = -o. Let r(y) = 4*y + 5. Let t(p) = -6*m(p) - r(p). Let g be t(5). Suppose -g*a + 87 + 3 = 5*h, 2*h = -a + 40. List the prime factors of h.
2, 11
Let d(y) = -86*y + 8. List the prime factors of d(-5).
2, 3, 73
Let d = -151 - -225. Suppose -f - d = -2*f. What are the prime factors of f?
2, 37
Let p = 41 - 36. Let h = p - -24. What are the prime factors of h?
29
Let f = -164 - -200. List the prime factors of f.
2, 3
Let q(z) = -3*z + 54. Suppose 0 = 157*u - 153*u + 20. List the prime factors of q(u).
3, 23
Let f be (-1 - 0) + 0 + -4. Let n(t) = t**3 + 5*t**2 - 1. Let w be n(f). List the prime factors of (3 - -41) + w + -2.
41
Let w(m) = 4*m - 18. Let v be w(17). Suppose 21*l + v = 22*l. List the prime factors of l.
2, 5
Let q be (-1101)/21 - (-3)/7. Let j = 91 + q. List the prime factors of j.
3, 13
Let p = 1710 + 627. What are the prime factors of p?
3, 19, 41
Suppose 2*g - 799 = -d, -5*d + 378 + 433 = 2*g. List the prime factors of g.
2, 199
Suppose 2*q = 3915 + 2477. List the prime factors of q.
2, 17, 47
Suppose -4*a + 21391 = 3*t + 3100, 30485 = 5*t + 2*a. List the prime factors of t.
7, 13, 67
List the prime factors of -105*(-48)/(-1)*(-3)/30.
2, 3, 7
Suppose 6 = 10*m - 7*m. Suppose 9*j - 189 = m*j. List the prime factors of j.
3
Let w = 0 + 0. Suppose w = -r - 2*r + 15. Suppose -j + r*y + 87 = j, -y = -j + 39. What are the prime factors of j?
2, 3
Suppose 24958 = 12*g + 3238. List the prime factors of g.
2, 5, 181
Suppose -x + 23 = -3*f, 5*f + 2*x + 44 = -2*x. Let w be 1/((f/(-28))/2). Let o = w + 30. List the prime factors of o.
37
What are the prime factors of (-39)/65 + 5/((-25)/(-11978))?
5, 479
Suppose -3*l = 5*v - 7959, 34*v = 39*v. List the prime factors of l.
7, 379
Let s be (30/21)/((-2)/(-28)). List the prime factors of s + -3 + -3 + 3.
17
Let m(y) = -16*y + 39. List the prime factors of m(-13).
13, 19
Let r(s) = 11*s**3 + 2*s**2 + 4*s - 5. Let x be r(2). Suppose x*o - 94*o = 285. List the prime factors of o.
3, 19
Let g(f) = 2*f**2 + 3*f - 10. Let u be g(8). Suppose 3*b = -w - 74, -5*b + 2*w - u = -w. Let n = 51 + b. What are the prime factors of n?
5
Let o be 7/((-7)/(-220))*(-11)/(-22). Suppose 0 = -a + 144 + o. List the prime factors of a.
2, 127
Let f(o) = -10*o - 13. Let i be f(-6). Let k = i + -8. Let g = k - 19. What are the prime factors of g?
2, 5
Let u = -7432 + 10576. List the prime factors of u.
2, 3, 131
Let s = 2334 - -214. What are the prime factors of s?
2, 7, 13
List the prime factors of (2*(-3)/2 - -3351) + 6.
2, 3, 13, 43
Let t(z) = 43*z**2 - z. Let j(d) = d**3 - 4*d**2 + 3*d + 1. Let s be j(3). List the prime factors of t(s).
2, 3, 7
Let x(q) = -123*q**3 + 4*q**2 - 2*q - 9. What are the prime factors of x(-2)?
5, 199
Let v be (24/20)/((-3)/10). Let k be 24/(-4) - (3 + v). List the prime factors of 1/((5/(-27))/k).
3
Let y = 5833 - 4161. List the prime factors of y.
2, 11, 19
Let l(h) = h + 11. Let u be l(-10). Let n be (-1)/((-78)/76 + u). Suppose -2 = -5*j + n. What are the prime factors of j?
2
Let q(o) = o + 14. Let v be q(-12). Suppose v*k = -k + 15. Suppose 23 = k*w - 92. List the prime factors of w.
23
Let w(g) = g**3. Let b be w(1). Let k(q) be the third derivative of 7*q**5/12 - q**4/24 + 2*q**2. List the prime factors of k(b).
2, 17
Suppose -15 = -3*j, y = 2*j - 3 - 4. Let u = 352 + -181. Suppose 5*r - 2*i = u, -5*r + 8*i = y*i - 180. List the prime factors of r.
3, 11
Let w = 17 + -15. Suppose -w*v = 3*c + 2, 4*c - 3*v = -4*v - 6. What are the prime factors of (6/9)/(c/(-75))?
5
Suppose -24 = -3*c + c. Suppose 2*u - 8 = 0, -4*u + 4 = 4*z - 4. Let y = c + z. What are the prime factors of y?
2, 5
Let x = 4 - 1. Suppose -3*q - 164 = -4*f - 2*q, 0 = -x*q + 12. Let w = f - 25. List the prime factors of w.
17
Let s be (1 - 2) + (-8 - 6). Let i = s - -2. Let l = 23 + i. What are the prime factors of l?
2, 5
Suppose l - 271 = -2*j, -4*l - 276 = -j - j. Suppose u - 4*u - 109 = m, -m + j = -4*u. List the prime factors of (-6)/(1 + 2) - u.
3, 11
Let v = 105 - 37. What are the prime factors of v?
2, 17
Let a(u) = 79*u - 1. List the prime factors of a(4).
3, 5, 7
Let p = -2927 + 4115. What are the prime factors of p?
2, 3, 11
Let i(j) = j**3 - 17*j**2 + 2*j - 41. List the prime factors of i(19).
719
Let z be -1*(2 - 3) - 3. Suppose 3*i - 2*l - 5 = 3*l, 4*l - 30 = -i. List the prime factors of (z/(-2))/(i/270).
3
What are the prime factors of 4 + 1 + (-7 - 196*-2)?
2, 3, 5, 13
Suppose 0 = -5*i + 3*i + 76. Suppose 4*p - 6*p = -i. Suppose -4*o + 41 = -p. What are the prime factors of o?
3, 5
Let n = 19 - 7. Suppose -n*w - 306 = -15*w. What are the prime factors of w?
2, 3, 17
Suppose l + 96 = 4*i, -86 = -3*i - 3*l - 14. List the prime factors of (-6)/i + 245/4.
61
Let f = 4683 - 2633. What are the prime factors of f?
2, 5, 41
Suppose -4*a = 40*d - 44*d + 8312, -5*a - 8307 = -4*d. What are the prime factors of d?
2083
Let k(i) = 3*i**2 + 3*i - 6. What are the prime factors of k(-22)?
2, 3, 5, 23
Suppose -3*x = -6*x. Suppose x = -7*a - 50 + 897. Suppose a = 3*t + 4*b, 4*b + 144 = 4*t + 5*b. What are the prime factors of t?
5, 7
Suppose -3*y - 1282 + 3874 = 0. What are the prime factors of y?
2, 3
What are the prime factors of ((-3)/6)/((-27045)/(-5410) - 5)?
541
Let n(h) = 13*h - 123. List the prime factors of n(27).
2, 3, 19
Let t be (-24)/8 - (-6 - 1). Suppose t*s - 219 - 305 = -4*z, 4*z = 3*s - 379. List the prime factors of s.
3, 43
Suppose -29 = -4*l - 9. Let d(p) = -p**3 + 5*p**2 + p - 5. Let c be d(l). Suppose -16 = -5*w - 4*g - 0*g, c = -w - 4*g. What are the prime factors of w?
2
Let l(y) = -y**2 - 19*y - 20. List the prime factors of l(-9).
2, 5, 7
Suppose -15*r = -10006 - 3614. List the prime factors of r.
2, 227
Let b(k) = -k**3 - 13*k**2 + k + 19. Let c be b(-13). Let o = c + 58. What are the prime factors of o?
2
Let o(y) = -y**3 + 6*y**2 + 2*y - 2. Let b = -9 + 9. Suppose b = -3*i - 3, 3*c - 4*i = -c + 24. List the prime factors of o(c).
3, 11
Let m = -33 - -36. Suppose -u + 73 = 2*k, 0 = 5*k + m*u + 17 - 201. What are the prime factors of k?
5, 7
Suppose r = 45*r - 122936. What are the prime factors of r?
2, 11, 127
Suppose 3*m + 9 = 0, -q - 5*m - 61 - 107 = 0. Let h = q - -276. List the prime factors of h.
3, 41
Suppose 4*c - 5*a - 58 - 138 = 0, -4*c - 2*a = -168. Suppose -3*j + c = -142. What are the prime factors of j?
2, 31
Let s(i) = -5*i + 12 - 7*i**3 + 7*i + 9*i + 6*i**3 - 8*i**2. Let z be s(-9). List the prime factors of (z/12)/(1/(-52)).
2, 13
Suppose -2*n - 4*